 (8 - ((-2 - -2) + 4))
-4
What is the value of 5 - 9 - (-3 - -2)?
-3
Calculate -4 - (-5 + 3) - 1.
-3
What is the value of 1 + (-3 - (1 - 1))?
-2
What is the value of 11 - (-7 + 8 - -10)?
0
What is the value of 4 + -4 + -1 + 1 - -2?
2
What is 6 - (-11 - -10) - 8?
-1
What is the value of 10 - 3 - (0 + 7)?
0
Evaluate 1 - 5 - (-10 - -4 - 2).
4
What is -2 + -6 + (6 - -3)?
1
Calculate (-4 + -5 - -5) + -1 + 1.
-4
Evaluate -4 + -8 + -1 + 5 - -4.
-4
4 + (-2 + 6 - 11)
-3
What is the value of 3 + -1 + 4 + -4 - 1?
1
What is (2 + 0 - 9) + 50 + -44?
-1
Calculate -8 + 3 + 0 + (5 - 1).
-1
What is the value of 3 - 0 - (0 - -4 - 1)?
0
What is the value of 2 + -6 - (2 + -3 - -2)?
-5
89 + -87 - (-1 + 0 + 7)
-4
Calculate (-2 - -4) + 4 - 4.
2
Evaluate -2 + -4 + (-2 - -11) - 6.
-3
What is 0 + (2 - 3) + -4?
-5
What is (2 - 4 - -2) + -3 - 0?
-3
What is the value of -2 + -4 + 2 - (1 - 3)?
-2
Evaluate (-1 + 15 - 31) + 14.
-3
Calculate (3 - (1 + (8 - 3))) + 4.
1
(-2 - -4 - -1) + -3
0
What is the value of 0 - 3 - (-2 - -4)?
-5
Evaluate -9 - (3 - (5 + 0 + 1)).
-6
Calculate -2 - (0 + -4 + 4 + 6).
-8
What is (1 - -3) + -2 + -6 + 0?
-4
Calculate -7 + 1 - (69 - 83).
8
-8 - (11 - (16 - 3))
-6
Evaluate 3 + (3 - 2) + -5.
-1
(19 - 24) + (2 - 0)
-3
What is 0 - (5 + 2 + -3)?
-4
Evaluate (-5 - 1) + 6 - (-1 + 2).
-1
What is the value of -1 - (16 - (0 - -9))?
-8
Evaluate 7 - (-14 + 24 + -5).
2
What is -4 + 12 - 7 - 2?
-1
(-5 - 1) + -88 + 90
-4
(2 + -1 + 4 - 0) + 4
9
Calculate 0 - ((7 - 5 - 2) + 2).
-2
What is the value of -2 - -1 - (1 + 2)?
-4
What is 12 + 2 + (-15 - -10) + -4?
5
What is 0 - -3 - ((9 - -1) + -4)?
-3
Evaluate -2 - -2 - (-1 + 2).
-1
What is the value of -1 + -5 + 6 + 1 + 2?
3
Calculate -1 + 9 + -3 + -3.
2
What is (-12 - -4 - -6) + 8?
6
What is (-6 - -1) + (8 - -2) + -3?
2
Evaluate (-18 - -28) + 4 + -18.
-4
What is 4 - -1 - -4 - 5?
4
What is -17 + (-4 - -5 - -6) - -1?
-9
Calculate 4 + 1 + -2 + (-4 - 1).
-2
-5 - (-2 + -4 - -7)
-6
What is 1 + -4 + 7 + 3 + -5?
2
4 - (-1 - (-4 + 4 - 5))
0
(-1 - -1) + 9 + (-12 - -1)
-2
Calculate 2 + -1 - (-5 - -6).
0
What is the value of 1 + 0 + 1 + 1 + 1?
4
What is (-4 - (4 + -7)) + -2 - -3?
0
What is the value of 4 + (-10 - -1) + 4?
-1
(-6 - -2 - -5) + -3 + -3
-5
Calculate 4 - (-5 - -3 - -9).
-3
Evaluate 15 + -12 + (3 - 1).
5
What is the value of 7 + -2 + -4 + 3?
4
(1 - -4) + -23 + 21 + 4
7
Calculate 2 + (1 - -4) + -4.
3
-2 + -1 + 4 + -5
-4
What is 12 - (-1 + 4) - 6?
3
What is the value of -2 - (-4 + 4 + -2)?
0
Calculate 1 + 4 + 9 + -16 + 4.
2
What is -9 - (1 + -24) - 5?
9
What is the value of 2 - 0 - 1 - (6 + -9)?
4
What is 1 - -1 - 4 - (-13 + 9)?
2
Calculate 7 + (0 - 2) + 44 + -52.
-3
-2 + (2 - -2) + -5 - -1
-2
What is -142 - -135 - (1 + -1)?
-7
What is the value of (2 - (3 - 4)) + 0?
3
-7 + (-2 - 2 - -8) - 2
-5
Evaluate (-1 - (-3 - -6)) + 7 + -4.
-1
Calculate -1 - (-7 - -5 - -2).
-1
What is the value of 0 + -4 + (-6 - (3 - 13))?
0
Calculate (7 - 7) + 5 - 14.
-9
Evaluate (-1 - 5 - -3) + 3 + 0.
0
What is 1 - (-3 - -9) - (-3 - 5)?
3
Calculate -2 - 4 - (23 + -20).
-9
(4 - (-2 - -3)) + -6
-3
Calculate 2 - (0 - (-1 - -4)).
5
What is the value of 3 - (9 - (-3 - -7))?
-2
What is 5 - (6 + 0 + -2)?
1
What is the value of (-3 - -1) + (2 - -3) + -5?
-2
-1 + 3 - 0 - (-42 - -48)
-4
What is -2 - (-8 + 0 + 4)?
2
Calculate 5 - 4 - (18 + -26).
9
What is -2 + (15 - 6 - (0 + 3))?
4
Calculate -5 + 3 + -1 - -3.
0
Evaluate -5 - 2 - (-13 + -17 - -15).
8
What is 1 + -1 + -1 - -5?
4
What is the value of 2 + -1 + (9 - 3) + -3?
4
Calculate (-2 - 10) + (-35 - -52).
5
What is -2 + 1 - (47 + -54)?
6
What is the value of 9 + -5 + -6 + 3?
1
Calculate 4 - ((5 - (-1 + -1)) + -1).
-2
Calculate 3 - 0 - ((-1 - 2) + 2).
4
8 + (-13 - -4) + -4 + 2
-3
Calculate -3 + -6 + 2 - -2.
-5
3 + 0 + -1 + -3 + 2
1
What is (-5 - -10) + (4 + 0 - 2)?
7
Evaluate (11 - 2) + (-63 - -59).
5
Calculate (-6 + 8 - 4) + -1 + 0.
-3
0 - ((-5 - -3) + 0)
2
Calculate 6 + -6 + (-1 - -5).
4
Evaluate 5 + 1 - (6 - 4) - 8.
-4
Evaluate 3 - (8 + -7 - -6).
-4
-47 - -49 - (7 + 0) - -12
7
Calculate 2 - (-3 + (5 - 3) - 4).
7
What is 7 + (7 - 28) - -8?
-6
-6 + 2 - (3 - 3)
-4
What is (0 - -7 - (1 + 1)) + -1?
4
Calculate 5 + -2 + 1 + -1 + -3.
0
What is the value of 1 - (1 + -4) - (3 + -1)?
2
What is the value of 8 - 11 - (-3 + (-1 - -1))?
0
Evaluate 6 - 2 - (-3 - (2 - 5)).
4
What is -4 + 4 + -5 + 1?
-4
Calculate -106 - -112 - (-2 + 0 + 11).
-3
Calculate 3 - ((7 - 3) + -2 - 1).
2
Evaluate -3 + (-9 - -2) + 3.
-7
Evaluate -8 - -6 - (-12 + 6).
4
Calculate (-111 - -104) + (1 - -3).
-3
Calculate -4 + -1 + (3 - (3 - 1)).
-4
0 + (0 - (2 + -5) - 0)
3
What is the value of 8 - 1 - (23 - (6 + 18))?
8
What is the value of (-1 - (0 + -2)) + (2 - 3)?
0
Calculate -3 + (12 - (16 - 8)).
1
Evaluate -20 + 19 - (1 + -3).
1
(-1 - -3) + -6 - -5
1
Evaluate (0 - 8) + (3 - -8).
3
5 - 4 - (4 + -3)
0
What is 4 + -3 + 4 - 2?
3
Calculate -8 + 2 - -14 - 8.
0
Calculate 2 - 5 - ((2 - 4) + -3).
2
Evaluate 13 - (6 - -11) - (0 + -4).
0
What is 1 + (7 - 3 - 7) + -3?
-5
(-78 - -80) + (2 - 0 - 4)
0
What is -3 + 0 - (-20 - (-27 + 10))?
0
Calculate -2 + 0 - (2 - 1 - -1).
-4
Calculate -1 + -4 + 1 - -1 - 2.
-5
Evaluate (2 - (17 + -13)) + 6.
4
What is (15 - -1) + 0 + -11?
5
-9 - (-6 - (-2 - -6))
1
Calculate -13 + 9 + 2 + (1 - 0).
-1
What is 1 + -1 + (26 - 19) + -2?
5
What is (27 + -16 - 5) + (-1 - 2)?
3
3 - (4 - 2 - -2 - 1)
0
What is the value of 0 + (1 + 3 + -7 - -5)?
2
(-4 - 1) + 4 + 4
3
What is 22 - 27 - (-5 - 1)?
1
Calculate -9 + 9 + -6 + -2.
-8
What is -1 + 14 - (22 + -14) - 5?
0
Calculate (-7 - -1) + (7 + -3 - 1).
-3
Evaluate 6 + 3 + 0 + -4 - 0.
5
4 - (-5 + (4 - (-2 - -5)))
8
-4 - (9 - (7 + 2))
-4
0 - 0 - (-28 + 25)
3
Calculate 2 - 4 - (3 - (-1 - -4)).
-2
-5 - 2 - (0 - 2)
-5
What is (-21 - -23 - -5) + 0 + -5?
2
What is the value of 8 - (-3 + -4 - -17)?
-2
Evaluate (-1 - -4) + (8 - 25) + 9.
-5
What is 0 - (12 + -9) - -1?
-2
0 + (-4 - -5) - -3
4
Calculate (0 - 1) + 0 - (43 - 44).
0
Evaluate 2 + (-3 - 0 - -6).
5
Evaluate -2 - (-8 - -2) - 8.
-4
Evaluate -2 + -5 + 4 + 1.
-2
What is -2 - (-1 - (3 + -1))?
1
What is -3 - (-1 + 1) - (0 + 2)?
-5
Calculate 0 + (2 + 2 - (-2 - -8)).
-2
What is the value of -8 - (-4 + -1) - -5?
2
What is 5 + (0 + 1 - 7) - -5?
4
20 - (1 - -7) - 10
2
What is -5 + (-6 + (5 - 2) - -7)?
-1
-6 + 0 + 1 - (-123 + 121)
-3
What is the value of 3 - (-4 - -7 - (4 - 9))?
-5
What is 24 + -17 - (-1 + 11)?
-3
What is the value of -4 - (1 - (-1 + 4))?
-2
Calculate (7 - 14) + 14 - 13.
-6
Evaluate -7 - (9 + -6 + -5).
-5
What is the value of -6 - (-18 + 6 + 14)?
-8
What is the value of (-7 - -8 - 1) + -2 + -2?
-4
9 - 11 - (-2 - (1 + -1))
0
Calculate 2 - (-3 - (7 - (14 + -7))).
5
Calculate (-7 - -4) + (6 - 1).
2
3 - 3 - (-7 - -2 - -6)
-1
What is the value of 4 + -20 + 11 + 1?
-4
What is the value of (5 - 1) + 2 + -4?
2
-2 + (2 - -13) - (20 + -12)
5
What is -3 + 6 - (-6 + 1)?
8
What is the value of ((-2 - -4) + -5 - 1) + 0?
-4
Calculate -8 - 3 - -5 - 1.
-7
What is the value of -26 - -20 - (3 - 10)?
1
Calculate 1 + (3 - -6 - 5 - 5).
0
What is -14 - (-3 + -13 + 7)?
-5
What is the value of 1 - -3 - (-3 - (-3 - 0))?
4
Calculate (-5 - -3) + 4 + 0.
2
What is the value of 1 + (-7 - (-5 - -1))?
-2
Evaluate 2 - (3 - 8) - (0 + 3).
4
Evaluate 0 - ((1 - 3) + 4 + -2).
0
Calculate 8 + -9 + -21 + 15.
-7
What is the value of (-6 - (3 - 6)) + -1 - 0?
-4
Evaluate -5 + -7 - -7 - (4 + -12).
3
What is (-4 + 10 - -6) + -6?
6
Evaluate (-1 - (0 + 0 + -3)) + -1.
1
Calculate -4 - (-7 + -2 + 6).
-1
What is the value of (0 - -5) + -15 + 15?
5
What is the value of -2 - (1 - -1 - 0 - 4)?
0
(-2 - -1 - 5) + -223 + 223
-6
Calculate -5 + -11 + 6 - (-5 - 1).
-4
What is (11 - 11) + 9 + -4 + -2?
3
What is the value of 0 - ((3 - (-1 - -4)) + -5)?
5
Calculate (6 - 2) + -2 + -1 + -1.
0
What is (4 - (2 + 4)) + 4 + -1?
1
What is (-15 - ((0 - -2) + -7)) + 5?
-5
-1 - (0 - -2) - (-1 - 3)
1
What is 55 + -45 + 1 + -5?
6
What is the value of -13 - (-8 + (3 - 6))?
-2
Evaluate -7 + 1 + (15 - 1 - 3).
5
Calculate (-9 - 4 - -9) + -3.
-7
-5 + -6 + (-2 - -11)
-2
Evaluate (0 - 0 - 0) + 1.
1
Calculate 0 + 14 + -10 + 2.
6
What is the value of 4 + (3 - (0 - 1)) + -9?
-1
4 + -5 + -2 + 3 + -7
-7
What is the value of -4 + 3 + 8 + -5 + -8?
-6
Evaluate -2 + 0 + 9 + -5.
2
What is the value of -6 - (7 + (5 - 2) + -11)?
